0)/(-45) + 4/(-6). What is the greatest common divisor of 48 and y?
24
Let z be -12*(-3 + 1)*1. Suppose -2*w - 34 = -5*d + 28, -4*d = 2*w - 46. What is the highest common factor of d and z?
12
Suppose -q + 43 = -12. Suppose -5*y = -z - 108, 118 = y + 4*y + 4*z. Calculate the highest common divisor of y and q.
11
Suppose -c - 3*j = -146, 425 = 2*c + c - 4*j. What is the highest common factor of 13 and c?
13
Suppose -d - 5*v - 11 = 0, 0 = 3*d - 5*v - 27. Suppose -31 = -3*c + 5. Calculate the highest common divisor of d and c.
4
Let o(h) = h**2 - 13*h + 2. Let g be o(17). What is the highest common factor of 10 and g?
10
Let p be (5 - 121)/(1/(-2)). Suppose -4*f + 32 = 4*o + p, -4*o = f + 62. Let r = f + 79. What is the greatest common divisor of r and 3?
3
Let v be (29/(-5) + 1)*(-3100)/186. Let k be (1 - 2) + -2 + 13. Calculate the greatest common factor of k and v.
10
Suppose 4*b = -b + 120. What is the greatest common divisor of b and 60?
12
Let k be 1 + 1 + (-2 - -4). Let n be ((-20)/(-6))/((-1)/(-3)). Let z = n - k. What is the greatest common divisor of z and 6?
6
Suppose 0 = -2*d - 2*a + 2, d + 0*a - 4*a - 21 = 0. Suppose 0 = -d*b + 298 + 62. Calculate the greatest common factor of 8 and b.
8
Let f be (-5)/((-50)/15)*30. What is the greatest common factor of 5 and f?
5
Let f(b) = b**2 + b - 1. Let r be f(-3). Suppose -r*q = -3*q - 18. Calculate the highest common divisor of 6 and q.
3
Let p be 5/2*(-12)/(-10). Let m = -2 + p. Let g be (-2 + m)*3*-12. What is the highest common divisor of g and 12?
12
Let g be (-310)/(-5) - (0 + -1). Let w = -14 + 21. Calculate the highest common factor of g and w.
7
Let s = -81 - -54. Let x = s - -46. Calculate the greatest common factor of 57 and x.
19
Suppose -3*u = -4*r + r - 81, -5*u + 2*r = -150. Let z be (-1)/(-1)*u*2. Calculate the greatest common divisor of 8 and z.
8
Let q = 46 - 31. Suppose f = 4*i + 24, f + 3*i + 6 = -5. Suppose -w + 15 = f*w. Calculate the greatest common divisor of q and w.
3
Suppose 0 = 3*l - 4*n - 9 - 14, -l + n = -6. Let j(f) = -9*f - 1. Let c be j(1). Let s be ((-165)/c)/(l/2). What is the highest common divisor of 22 and s?
11
Suppose 4*p - 155 = -p. Calculate the highest common factor of p and 248.
31
Suppose 3*f - 309 = -4*h - h, 4*h = -2*f + 248. Let z = -8 + 14. Suppose 0 = z*j - j - 45. What is the highest common divisor of h and j?
9
Let y = 47 + -24. What is the highest common factor of y and 115?
23
Let k = 27 + -9. Let r be (6/k)/(1/6). Suppose 0 = 3*f - 4*v + 6*v - 38, f + v - 14 = 0. What is the greatest common factor of f and r?
2
Let g(f) = 22*f - 12. Let x be g(4). Calculate the highest common divisor of 19 and x.
19
Suppose -3*c - q = -51 - 7, -3*q + 90 = 5*c. Suppose l = -h + 5 + 33, 0 = l + 2*h - 34. What is the highest common factor of l and c?
21
Let k = 15 + 9. Suppose 4*c = 25 + 39. What is the greatest common factor of c and k?
8
Let u(o) = -15*o + 6. Let i(x) = 5*x - 2. Let p(q) = -11*i(q) - 4*u(q). Let n be p(4). Calculate the highest common divisor of n and 2.
2
Let j(z) = -2*z + 35. Let b be j(13). Suppose -p = p - 5*h - 105, 0 = 2*h + 6. Calculate the highest common factor of p and b.
9
Suppose 0 = -2*c - 3 + 75. What is the greatest common divisor of 252 and c?
36
Let t(j) = j**2 + 2*j - 2. Suppose 2*z - 15 = 5*z. Let g be t(z). What is the highest common divisor of 26 and g?
13
Suppose -n + 4*n = -2*w + 484, -8 = -4*w. Let p = -1 - -5. Suppose 0*d - 160 = -2*d + p*f, -5*f = -2*d + n. Calculate the greatest common divisor of 16 and d.
16
Let m(y) = -8*y. Let r(w) = -w - 12. Let v be r(-9). Let h be 2/6 + 7/v. Let a be m(h). What is the highest common factor of 112 and a?
16
Let f(l) = l - 10. Let p be f(6). Let c = p + 7. Let t(m) = 2*m**2 - 2*m - 3. Let z be t(4). What is the greatest common divisor of c and z?
3
Suppose -f + 4*f - 11 = 4*a, -8 = -2*a. What is the greatest common divisor of f and 27?
9
Let k = -1 - -3. Suppose 0*c = -k*c + 24. Let p = 6 + -3. Calculate the highest common divisor of p and c.
3
Suppose -5*d + 24 = -16. Let w = 105 - 45. Suppose 5*x + 5*n = 290, -3*n = x - n - w. What is the highest common factor of x and d?
8
Suppose 3*d - 4*a + 5 = -11, -4*a = -4*d - 28. Let x be (-598)/(-8) - (-9)/d. Suppose x - 6 = 2*j. What is the highest common factor of 85 and j?
17
Suppose 4*i - 9 = 4*v + 27, 2*v - 4*i = -26. Let p = -6 - v. Let x = 5 - p. What is the highest common factor of 48 and x?
6
Let f = -87 + 152. Let s = f + -35. What is the greatest common divisor of s and 45?
15
Let d = 22 + -15. Suppose 0*y + 4*y - 4*n - 12 = 0, 29 = 3*y + 2*n. Calculate the greatest common divisor of y and d.
7
Suppose 0 = l + l - 72. Calculate the highest common divisor of 24 and l.
12
Let u = -2 + 7. Let s = 132 + -67. Suppose o = -4*o + 2*c + 165, -c - s = -2*o. Calculate the greatest common factor of u and o.
5
Suppose -5*k = -5*p - 5, -2*k + 12 = p + 2*p. Suppose -4*z + 11 = w - 15, -52 = -4*w - k*z. Calculate the highest common divisor of 90 and w.
10
Suppose k + 2 = 4. Calculate the highest common divisor of k and 6.
2
Suppose y = -2*y + 135. Let q = 8 + -3. What is the greatest common factor of y and q?
5
Suppose v = -2*v - 6. Let q = v + 6. Calculate the greatest common divisor of q and 2.
2
Suppose -18 = -5*w + 157. Calculate the highest common divisor of w and 105.
35
Let y(f) = -3*f - 12. Let g be y(-5). Suppose 2*z = -3*l + 25, 4*l + 5*z - 41 = -g. What is the greatest common divisor of 14 and l?
7
Let x(y) = y**2 - 6*y. Let z be x(8). Let f be 4/(-6)*(-552)/z. Calculate the highest common divisor of f and 207.
23
Let r be 76/((3 + 3)/3). What is the greatest common factor of r and 57?
19
Suppose -4*x + 16 = 4. Suppose 115 = b + x*n, 3*b - 40 = -5*n + 285. Calculate the highest common divisor of 20 and b.
20
Suppose d + 96 = -5*x, -2*d = 4*x - x + 220. Let a = -71 - d. What is the highest common factor of a and 9?
9
Let h be 114/12 + 2/4. What is the highest common divisor of h and 2?
2
Suppose q = -4*u - 47, 3*q = 3*u - q + 40. Let z(s) = s**2 + 4*s + 14. Let m be z(u). What is the highest common factor of m and 10?
10
Suppose 72 = 14*o - 8*o. Calculate the highest common factor of 12 and o.
12
Suppose 2*v = 24 + 20. What is the highest common factor of 154 and v?
22
Let t = 7 - 2. Let p(b) = -3*b - 12. Let u be p(-9). What is the highest common divisor of u and t?
5
Let v(c) = 2*c**2 - 4*c - 1. Let i be v(5). Let n be (-2)/((-2)/3) + (32 - 6). What is the highest common divisor of n and i?
29
Suppose -5*x - 8 + 3 = 0. Let h = -6 + x. Let i(u) = 2*u**2 + 10*u. Let d be i(h). What is the greatest common divisor of d and 4?
4
Let j(z) = 10*z**3 - z**2 - 3*z + 2. Let r be j(2). Calculate the highest common factor of r and 9.
9
Let l = -33 - -48. Calculate the greatest common factor of l and 15.
15
Suppose -2*w = -3*w + 3. Suppose 2*m - 180 = -w*m. Calculate the highest common factor of m and 4.
4
Suppose -3*c = -4*c - 25. Let d be ((-6)/5 - 0)*c. Calculate the greatest common factor of 10 and d.
10
Suppose 0*t + 128 = 8*t. What is the highest common divisor of 80 and t?
16
Let f = 211 - 208. Calculate the highest common divisor of f and 9.
3
Let p = -50 - -85. Let t = p - 49. Let d be (-20)/(2*2/t). What is the highest common factor of d and 14?
14
Let z be (-437)/3*(-3 - 6). Suppose -366 = 5*p - z. What is the highest common divisor of p and 27?
27
Suppose -3*m + 475 + 5 = 0. Calculate the greatest common divisor of m and 32.
32
Suppose 0 = -2*r + 5*r + 2*z - 85, -83 = -3*r - z. What is the highest common divisor of r and 189?
27
Let n be (-1 - 18/(-3))*5. Suppose -5*h - n = 0, -2*h - 20 = -5*k + 15. Suppose -v + 50 = 4*v. What is the highest common divisor of k and v?
5
Suppose 33*k + 90 = 36*k. What is the greatest common divisor of k and 15?
15
Let s be (0 - 2)*(-11 - 0). Let n be (1 - s - -1)/(-1). Calculate the highest common factor of 4 and n.
4
Let g(t) = t**3 + t**2 - t + 3. Let n be g(4). Suppose -n = -r - 9. Calculate the highest common divisor of r and 28.
14
Suppose 24 + 32 = c. Calculate the highest common divisor of 42 and c.
14
Let h(v) = v**2 - 5*v - 6. Let r be h(6). Let d = 10 + r. Let l = 31 - 16. What is the highest common divisor of l and d?
5
Let d(j) = 4*j + 17. Let t be d(-3). Calculate the highest c